 are the prime factors of 17107?
17107
What are the prime factors of 486?
2, 3
List the prime factors of 15952.
2, 997
What are the prime factors of 2837?
2837
List the prime factors of 7618.
2, 13, 293
List the prime factors of 1872.
2, 3, 13
What are the prime factors of 20362?
2, 10181
What are the prime factors of 125?
5
What are the prime factors of 16189?
16189
What are the prime factors of 9560?
2, 5, 239
List the prime factors of 9969.
3, 3323
List the prime factors of 27196.
2, 13, 523
What are the prime factors of 24758?
2, 12379
What are the prime factors of 23927?
71, 337
What are the prime factors of 316?
2, 79
What are the prime factors of 1710?
2, 3, 5, 19
List the prime factors of 2693.
2693
What are the prime factors of 14312?
2, 1789
What are the prime factors of 704?
2, 11
What are the prime factors of 775?
5, 31
What are the prime factors of 11326?
2, 7, 809
List the prime factors of 715.
5, 11, 13
What are the prime factors of 1598?
2, 17, 47
List the prime factors of 1298.
2, 11, 59
What are the prime factors of 9593?
53, 181
What are the prime factors of 16139?
16139
List the prime factors of 1485.
3, 5, 11
What are the prime factors of 3753?
3, 139
List the prime factors of 4036.
2, 1009
What are the prime factors of 3288?
2, 3, 137
What are the prime factors of 13637?
13, 1049
List the prime factors of 10801.
7, 1543
What are the prime factors of 1384?
2, 173
What are the prime factors of 367?
367
List the prime factors of 6105.
3, 5, 11, 37
What are the prime factors of 6715?
5, 17, 79
What are the prime factors of 8204?
2, 7, 293
What are the prime factors of 44993?
13, 3461
List the prime factors of 35371.
7, 31, 163
What are the prime factors of 7376?
2, 461
List the prime factors of 17660.
2, 5, 883
List the prime factors of 36390.
2, 3, 5, 1213
List the prime factors of 4833.
3, 179
What are the prime factors of 21108?
2, 3, 1759
What are the prime factors of 2514?
2, 3, 419
What are the prime factors of 47282?
2, 47, 503
List the prime factors of 805.
5, 7, 23
What are the prime factors of 7133?
7, 1019
What are the prime factors of 13542?
2, 3, 37, 61
List the prime factors of 22725.
3, 5, 101
List the prime factors of 1273.
19, 67
List the prime factors of 1967.
7, 281
What are the prime factors of 2432?
2, 19
List the prime factors of 805.
5, 7, 23
List the prime factors of 71377.
137, 521
What are the prime factors of 62732?
2, 15683
What are the prime factors of 460?
2, 5, 23
List the prime factors of 6153.
3, 7, 293
List the prime factors of 7287.
3, 7, 347
What are the prime factors of 8514?
2, 3, 11, 43
List the prime factors of 20073.
3, 6691
What are the prime factors of 1582?
2, 7, 113
What are the prime factors of 4946?
2, 2473
List the prime factors of 784.
2, 7
What are the prime factors of 39124?
2, 9781
List the prime factors of 21326.
2, 10663
List the prime factors of 1566.
2, 3, 29
List the prime factors of 28342.
2, 37, 383
What are the prime factors of 51156?
2, 3, 7, 29
List the prime factors of 744.
2, 3, 31
List the prime factors of 1424.
2, 89
List the prime factors of 806.
2, 13, 31
What are the prime factors of 677?
677
List the prime factors of 4296.
2, 3, 179
List the prime factors of 8009.
8009
List the prime factors of 106763.
241, 443
List the prime factors of 8032.
2, 251
List the prime factors of 2078.
2, 1039
List the prime factors of 1092.
2, 3, 7, 13
List the prime factors of 1359.
3, 151
What are the prime factors of 4199?
13, 17, 19
List the prime factors of 26561.
26561
What are the prime factors of 472?
2, 59
List the prime factors of 24740.
2, 5, 1237
What are the prime factors of 1153?
1153
List the prime factors of 19769.
53, 373
List the prime factors of 1456.
2, 7, 13
What are the prime factors of 4745?
5, 13, 73
List the prime factors of 37676.
2, 9419
List the prime factors of 407.
11, 37
List the prime factors of 1363.
29, 47
What are the prime factors of 5956?
2, 1489
List the prime factors of 9719.
9719
List the prime factors of 5316.
2, 3, 443
What are the prime factors of 445?
5, 89
List the prime factors of 114.
2, 3, 19
What are the prime factors of 2767?
2767
What are the prime factors of 3702?
2, 3, 617
What are the prime factors of 4458?
2, 3, 743
What are the prime factors of 1540?
2, 5, 7, 11
What are the prime factors of 38436?
2, 3, 3203
List the prime factors of 770.
2, 5, 7, 11
What are the prime factors of 80152?
2, 43, 233
List the prime factors of 138.
2, 3, 23
List the prime factors of 3296.
2, 103
List the prime factors of 104.
2, 13
List the prime factors of 3326.
2, 1663
What are the prime factors of 4161?
3, 19, 73
List the prime factors of 26722.
2, 31, 431
List the prime factors of 1931.
1931
What are the prime factors of 780?
2, 3, 5, 13
List the prime factors of 6311.
6311
List the prime factors of 943.
23, 41
What are the prime factors of 13919?
31, 449
List the prime factors of 35434.
2, 7, 2531
List the prime factors of 1101.
3, 367
List the prime factors of 11884.
2, 2971
What are the prime factors of 17216?
2, 269
List the prime factors of 34687.
34687
What are the prime factors of 13320?
2, 3, 5, 37
What are the prime factors of 2189?
11, 199
List the prime factors of 2300.
2, 5, 23
What are the prime factors of 1428?
2, 3, 7, 17
What are the prime factors of 9939?
3, 3313
List the prime factors of 9867.
3, 11, 13, 23
What are the prime factors of 1088?
2, 17
What are the prime factors of 92909?
53, 1753
What are the prime factors of 24663?
3, 8221
What are the prime factors of 30244?
2, 7561
List the prime factors of 2304.
2, 3
List the prime factors of 625.
5
List the prime factors of 472.
2, 59
List the prime factors of 1843.
19, 97
What are the prime factors of 333?
3, 37
List the prime factors of 543.
3, 181
List the prime factors of 30997.
139, 223
What are the prime factors of 292?
2, 73
What are the prime factors of 21941?
37, 593
List the prime factors of 1447.
1447
What are the prime factors of 1263?
3, 421
What are the prime factors of 1939?
7, 277
What are the prime factors of 28381?
101, 281
What are the prime factors of 41294?
2, 11, 1877
List the prime factors of 694.
2, 347
What are the prime factors of 16295?
5, 3259
List the prime factors of 278.
2, 139
List the prime factors of 8280.
2, 3, 5, 23
List the prime factors of 58829.
89, 661
List the prime factors of 23832.
2, 3, 331
What are the prime factors of 36511?
29, 1259
What are the prime factors of 15877?
15877
What are the prime factors of 69651?
3, 71, 109
List the prime factors of 1554.
2, 3, 7, 37
List the prime factors of 3980.
2, 5, 199
What are the prime factors of 947?
947
What are the prime factors of 74988?
2, 3, 2083
What are the prime factors of 9881?
41, 241
What are the prime factors of 52354?
2, 26177
What are the prime factors of 7924?
2, 7, 283
What are the prime factors of 2860?
2, 5, 11, 13
List the prime factors of 20978.
2, 17, 617
List the prime factors of 518.
2, 7, 37
What are the prime factors of 98939?
98939
List the prime factors of 388.
2, 97
List the prime factors of 83392.
2, 1303
List the prime factors of 1213.
1213
List the prime factors of 7498.
2, 23, 163
List the prime factors of 16836.
2, 3, 23, 61
List the prime factors of 92.
2, 23
What are the prime factors of 12583?
12583
What are the prime factors of 27260?
2, 5, 29, 47
List the prime factors of 67280.
2, 5, 29
List the prime factors of 5464.
2, 683
What are the prime factors of 945?
3, 5, 7
List the prime factors of 69.
3, 23
List the prime factors of 10369.
10369
List the prime factors of 5943.
3, 7, 283
What are the prime factors of 381?
3, 127
List the prime factors of 26284.
2, 6571
What are the prime factors of 19410?
2, 3, 5, 647
What are the prime factors of 2979?
3, 331
List the prime factors of 4637.
4637
What are the prime factors of 2420?
2, 5, 11
What are the prime factors of 1679?
23, 73
What are the prime factors of 198009?
3, 7, 449
List the prime factors of 2278.
2, 17, 67
What are the prime factors of 106415?
5, 21283
List the prime factors of 8109.
3, 17, 53
List the prime factors of 11819.
53, 223
What are the prime factors of 24354?
2, 3, 11, 41
What are the prime factors of 11340?
2, 3, 5, 7
What are the prime factors of 9783?
3, 1087
List th